0021101
In base 2, what is -1101 - -10010100101?
10010011000
In base 9, what is 1304 - -733?
2137
In base 13, what is a - 31bc?
-31b2
In base 2, what is -11 - -111010010101?
111010010010
In base 7, what is -12 + -1532?
-1544
In base 7, what is 6004 + -154?
5520
In base 12, what is 14604 + -5?
145bb
In base 16, what is -42 - 43d?
-47f
In base 10, what is 5 - -209384?
209389
In base 2, what is -101 - -100000110011000110110?
100000110011000110001
In base 10, what is -71 + 4684?
4613
In base 12, what is 1 - -22147?
22148
In base 11, what is 911 + 193?
aa4
In base 11, what is -101a96 + -4?
-101a9a
In base 11, what is 13088 - -25?
13102
In base 10, what is 27482 + 11?
27493
In base 4, what is -3 - -3132121?
3132112
In base 13, what is -1b1 - -1039?
b58
In base 10, what is -17694 - 3?
-17697
In base 4, what is 133030 + -102?
132322
In base 15, what is 1c - 48a?
-46d
In base 2, what is -1010 + -11011001100100?
-11011001101110
In base 8, what is -1213 + 314?
-677
In base 4, what is -1111012 - -130?
-1110222
In base 16, what is 14c - dc6?
-c7a
In base 9, what is -267 + 663?
385
In base 5, what is 14320441 + 12?
14321003
In base 3, what is 11 + 2022101112?
2022101200
In base 10, what is 3358870 + -4?
3358866
In base 8, what is -4 - -2245760?
2245754
In base 7, what is -5230 + -51?
-5311
In base 11, what is -12a - 1971?
-1aa0
In base 8, what is -40722 - -4?
-40716
In base 2, what is 10001010111110000 - 101?
10001010111101011
In base 5, what is -110 + -2033?
-2143
In base 16, what is 98 + a?
a2
In base 2, what is -100110010001 - 101?
-100110010110
In base 13, what is 10 + 19c8a?
19c9a
In base 4, what is 3203 - 103331?
-100122
In base 9, what is 2251 - 10?
2241
In base 14, what is -8 + 285?
27b
In base 10, what is 6009579 + -1?
6009578
In base 11, what is -10658 + 5?
-10653
In base 9, what is -33855 - 23?
-33878
In base 16, what is -30b + -92?
-39d
In base 14, what is 9a - -8d51?
900b
In base 4, what is 1100002 + -22?
1033320
In base 13, what is 184c1 + 0?
184c1
In base 15, what is 2d + -66e?
-641
In base 5, what is 10104 + 34100?
44204
In base 7, what is 205 - 13240?
-13032
In base 3, what is 2210011121 + -1?
2210011120
In base 7, what is 302205 + 4?
302212
In base 10, what is 12 - -31939?
31951
In base 10, what is 6 + 14842?
14848
In base 12, what is -16 + -302b?
-3045
In base 6, what is 21514234 - 1?
21514233
In base 13, what is 3 - -6221?
6224
In base 5, what is 20210 + 33?
20243
In base 13, what is -32 - 2ca?
-32c
In base 14, what is -5 - -338bc?
338b7
In base 9, what is 14402 + -21?
14371
In base 16, what is -44cbc + 5?
-44cb7
In base 10, what is -93 + -1110?
-1203
In base 15, what is 8e7 + 2a?
922
In base 7, what is -1 - -16364?
16363
In base 2, what is -11 + -1111010011001000?
-1111010011001011
In base 13, what is 2 - 55b08?
-55b06
In base 3, what is 111100202102 + -12?
111100202020
In base 8, what is -2 + -4040252?
-4040254
In base 4, what is -3 - -1112313013?
1112313010
In base 4, what is -3 - 21233?
-21302
In base 16, what is -cf172 - 2?
-cf174
In base 15, what is 994b3 + -2?
994b1
In base 9, what is -175582 + 3?
-175578
In base 5, what is 1231 - -20214?
22000
In base 4, what is -2 + 11332013?
11332011
In base 8, what is 7726 - -150?
10076
In base 8, what is -11764 - 22?
-12006
In base 11, what is -10 - -38a63?
38a53
In base 16, what is 0 + -30c4?
-30c4
In base 8, what is 4 - -21223?
21227
In base 9, what is 2853 + -1214?
1638
In base 16, what is 10 + 21b6?
21c6
In base 5, what is -10304223024 + -1?
-10304223030
In base 13, what is b0 - 2cc?
-21c
In base 8, what is 23 - -707?
732
In base 8, what is 3 - 65717?
-65714
In base 10, what is -15 - -1956?
1941
In base 13, what is 323 - -225?
548
In base 10, what is 1105170 + -2?
1105168
In base 7, what is -165316 - -2?
-165314
In base 9, what is -104 + 52?
-42
In base 11, what is 3 - -930484?
930487
In base 16, what is -76f + -80?
-7ef
In base 11, what is 4843 + -36?
4808
In base 14, what is 2749 - -2b?
2776
In base 16, what is -99 + d2?
39
In base 2, what is 1011110111 + -11001001101?
-1101010110
In base 11, what is -111a81 - -4?
-111a78
In base 11, what is 6 + -5199?
-5193
In base 11, what is -451966 + 5?
-451961
In base 11, what is -a0561 - 15?
-a0576
In base 14, what is -4 + 603?
5dd
In base 13, what is -27 - 5b51?
-5b78
In base 8, what is -5 - -524751?
524744
In base 15, what is -14d3 + 8?
-14ca
In base 2, what is 1011000011111111001 + 1?
1011000011111111010
In base 2, what is 11110110110001101101 + -101?
11110110110001101000
In base 9, what is 4 - -570461?
570465
In base 2, what is 101100011100011010000 + 100?
101100011100011010100
In base 11, what is 268956 + 2?
268958
In base 16, what is -1c + -a6a?
-a86
In base 14, what is 5 + -12a70?
-12a69
In base 13, what is -6 + -642?
-648
In base 3, what is 21111221221 + -11?
21111221210
In base 2, what is 11000000 - -11000?
11011000
In base 2, what is 0 - 1101000001111110010?
-1101000001111110010
In base 6, what is -132 - -132022?
131450
In base 12, what is 216 - -1a57?
2071
In base 12, what is 4 + -a588?
-a584
In base 13, what is -2ac50 + -2?
-2ac52
In base 6, what is -144525524 + 0?
-144525524
In base 2, what is -100000100000 - 10111100?
-100011011100
In base 15, what is 5 + -5baac?
-5baa7
In base 2, what is -10001111001011 + -1?
-10001111001100
In base 4, what is -2 + 2201201131?
2201201123
In base 16, what is 6 - -14b?
151
In base 16, what is -70 + -df?
-14f
In base 7, what is -30 + 1643123?
1643063
In base 15, what is -39 + 10bb?
1082
In base 3, what is -1210110 - -111222?
-1021111
In base 16, what is -1 + 1d3a?
1d39
In base 15, what is 4 + -458?
-454
In base 14, what is -59a9 + -a?
-59b5
In base 3, what is -2 + 2010220022?
2010220020
In base 7, what is 36 + -12450?
-12411
In base 12, what is 18b371 + 4?
18b375
In base 15, what is -28 + -4d1?
-509
In base 15, what is 1575 - -5?
157a
In base 6, what is -1135 - -303?
-432
In base 4, what is -111220 + 1023?
-110131
In base 8, what is 230 + -242?
-12
In base 16, what is 4ea - -3?
4ed
In base 4, what is -213030 - 31020?
-310110
In base 8, what is -105 - -437?
332
In base 4, what is 3303203 - 2321?
3300222
In base 15, what is b3 - -1ee?
2b2
In base 7, what is -234245 + -4?
-234252
In base 5, what is 4023203 + -21?
4023132
In base 4, what is 231 - 223033?
-222202
In base 14, what is 1bc6 - 1a?
1baa
In base 3, what is -211 + -101100?
-102011
In base 15, what is c12 + 11?
c23
In base 12, what is 4433 + -8?
4427
In base 8, what is 424 - -147?
573
In base 13, what is -49c54 + 8?
-49c49
In base 10, what is -1177 + 31?
-1146
In base 10, what is 2706 - 11?
2695
In base 8, what is 301516 + -3?
301513
In base 7, what is 2 + -401514?
-401512
In base 13, what is -107 + -38?
-142
In base 10, what is -319 + -54?
-373
In base 3, what is 122221221000 + -10?
122221220220
In base 6, what is 4111 - 15?
4052
In base 11, what is 6616a - -5?
66174
In base 11, what is -1727 + -374?
-1aa0
In base 8, what is -1 + 100260?
100257
In base 6, what is 201403011 + -1?
201403010
In base 15, what is -34 + 34d6?
34a2
In base 15, what is 70bd2 + 5?
70bd7
In base 12, what is -70 - -2350?
22a0
In base 12, what is -9a146 + -2?
-9a148
In base 4, what is 132 - 230003?
-223211
In base 14, what is 3 + 67b0?
67b3
In base 3, what is -12101101002 - 11?
-12101101020
In base 11, what is -357a2 - 14?
-35806
In base 3, what is -1012202122 + 212?
-1012201210
In base 10, what is -5 - -520?
515
In base 13, what is -2 + -16b5b?
-16b60
In base 13, what is 0 + 197922?
197922
In base 5, what is 21441211 - 10?
21441201
In base 4, what is -33310 - 103011?
-202321
In base 5, what is 13 + -333024?
-333011
In base 13, what is -59 - -b231?
b1a5
In base 10, what is -35 + 69674?
69639
In base 7, what is -240 - -1156?
616
In base 15, what is 82c02 + -3?
82bee
In base 8, what is -1 - -120533?
120532
In base 5, what is -134 - 2023?
-2212
In base 2, what is -1100 - -110010001001101?
110010001000001
In base 3, what is -12 + 1212011000?
1212010211
In base 3, what is -101000222 - -12?
-101000210
In base 5, what is 410 - -132?
1042
In base 16, what is -1045 + -23?
-1068
In base 2, what is -110111011001010 + 101?
-110111011000101
In base 13, what is -8423 + -6?
-8429
In base 5, what is -4 - 1030400?
-1030404
In base 16, what is -11 - 184?
-195
In base 10, what is -45159 + 